{"id":4276,"date":"2022-09-06T11:29:27","date_gmt":"2022-09-06T11:29:27","guid":{"rendered":"http:\/\/sp6.mikolow.eu\/?page_id=4276"},"modified":"2024-03-13T13:15:53","modified_gmt":"2024-03-13T13:15:53","slug":"najwazniejsze-informacje-o-egzaminie","status":"publish","type":"page","link":"http:\/\/sp6.mikolow.eu\/index.php\/najwazniejsze-informacje-o-egzaminie\/","title":{"rendered":"Informacje o egzaminie"},"content":{"rendered":"<div class=\"article-lead main-text\">\n<p><span style=\"color: #008000;\"><strong><span style=\"font-size: 18pt;\">Informacje dla uczni\u00f3w klasy \u00f3smej i ich rodzic\u00f3w<\/span><\/strong><\/span><\/p>\n<\/div>\n<div class=\"main-text\">\n<ul style=\"list-style-type: disc;\">\n<li>Egzamin jest <strong>obowi\u0105zkowy<\/strong>\u2013 jego napisanie jest warunkiem koniecznym, aby uko\u0144czy\u0107 szkol\u0119 podstawow\u0105.<\/li>\n<li>Egzamin sk\u0142ada si\u0119 z <strong>trzech cz\u0119\u015bci<\/strong> \u2013 ka\u017cda jest pisana innego dnia:<\/li>\n<\/ul>\n<ol>\n<li style=\"list-style-type: none;\">\n<ol>\n<li style=\"list-style-type: none;\">\n<ol>\n<li>&nbsp; &nbsp;<strong> j\u0119zyk polski&nbsp;<\/strong> (120 minut)<\/li>\n<li>&nbsp; &nbsp; <strong>matematyka<\/strong> (100 minut)<\/li>\n<li>&nbsp; &nbsp;<strong> j\u0119zyk obcy nowo\u017cytny<\/strong> (90 minut)<\/li>\n<\/ol>\n<\/li>\n<\/ol>\n<\/li>\n<\/ol>\n<ul>\n<li>Rodzice (opiekunowie prawni) <strong>do 30&nbsp;wrze\u015bnia&nbsp;<\/strong>s\u0105 zobowi\u0105zani z\u0142o\u017cy\u0107 deklaracj\u0119 <strong>wyboru j\u0119zyka obcego<\/strong> (JEDNEGO), z kt\u00f3rego ucze\u0144 b\u0119dzie pisa\u0142 egzamin (<a href=\"http:\/\/sp6.mikolow.eu\/wp-content\/uploads\/2022\/12\/deklaracja-jezyk-kl.-8.docx\">deklaracja do pobrania<\/a>).<\/li>\n<li>Uczniowie <strong>na trzy miesi\u0105ce<\/strong> przed egzaminem mog\u0105 dokona\u0107 zmiany wyboru j\u0119zyka (do&nbsp; 14 lutego 2024r.).<\/li>\n<li>\n<div>Podstaw\u0119 <strong>dostosowania<\/strong> stanowi za\u015bwiadczenie lekarskie o stanie zdrowia b\u0105d\u017a orzeczenie lub opinia poradni psychologiczno-pedagogicznej. Takie za\u015bwiadczenie b\u0105d\u017a orzeczenie lub opini\u0119 przedk\u0142ada si\u0119 dyrektorowi szko\u0142y nie p\u00f3\u017aniej ni\u017c 17 pa\u017adziernika roku szkolnego, w kt\u00f3rym przeprowadzany jest egzamin. Opinia powinna by\u0107 wydana nie wcze\u015bniej ni\u017c po uko\u0144czeniu przez ucznia klasy 3sp.<\/div>\n<\/li>\n<li>Uczniowie ze wskazaniami PPP oraz lekarskimi mog\u0105 pisa\u0107 w <strong>wyd\u0142u\u017conym czasie<\/strong>, odpowiednio:<\/li>\n<\/ul>\n<ul>\n<li style=\"list-style-type: none;\">\n<ul>\n<li style=\"list-style-type: none;\">\n<ul style=\"list-style-type: square;\">\n<li>o 60 minut \u2013j. polski<\/li>\n<li>o 50 minut \u2013 matematyka<\/li>\n<li>o 45 minut \u2013j. obcy nowo\u017cytny<\/li>\n<\/ul>\n<\/li>\n<\/ul>\n<\/li>\n<\/ul>\n<ul>\n<li>Uczniowie pisz\u0105 <strong>d\u0142ugopisem z czarnym wk\u0142adem<\/strong>. Nie wolno u\u017cywa\u0107 korektora.<\/li>\n<li>Zabronione jest wnoszenie na sal\u0119 egzaminacyjn\u0105 jakichkolwiek urz\u0105dze\u0144 telekomunikacyjnych oraz nagrywaj\u0105cych.<\/li>\n<li>W ka\u017cdej komisji obowi\u0105zkowo jest nauczyciel z \u201eobcej\u201d szko\u0142y.<\/li>\n<li>Uczniowie podpisuj\u0105 zestawy egzaminacyjne <strong>numerem PESEL<\/strong> oraz <strong>kodem nadanym przez OKE<\/strong>.<\/li>\n<li>Wynik ucznia podany jest w <strong>procentach<\/strong> i <strong>centylach<\/strong>, z ka\u017cdej cz\u0119\u015bci egzaminu oddzielnie.<\/li>\n<li>Prace uczni\u00f3w sprawdzane s\u0105 przez egzaminator\u00f3w zewn\u0119trznych. Szko\u0142a otrzymuje jedynie wyniki ko\u0144cowe (na pocz\u0105tku lipca).<\/li>\n<\/ul>\n<p>&nbsp;<\/p>\n<p><strong>Do pobrania:<\/strong><\/p>\n<ul style=\"list-style-type: square;\">\n<li><a href=\"http:\/\/sp6.mikolow.eu\/wp-content\/uploads\/2022\/12\/deklaracja-jezyk-kl.-8.docx\">deklaracja wyboru j\u0119zyka obcego &#8211; klasa 8<\/a><\/li>\n<\/ul>\n<\/div>\n","protected":false},"excerpt":{"rendered":"<p>Informacje dla uczni\u00f3w klasy \u00f3smej i ich rodzic\u00f3w Egzamin jest obowi\u0105zkowy\u2013 jego napisanie jest warunkiem koniecznym, aby uko\u0144czy\u0107 szkol\u0119 podstawow\u0105. Egzamin sk\u0142ada si\u0119 z trzech cz\u0119\u015bci \u2013 ka\u017cda jest pisana innego dnia: &nbsp; &nbsp; j\u0119zyk polski&nbsp; (120 minut) &nbsp; &nbsp; matematyka (100 minut) &nbsp; &nbsp; j\u0119zyk obcy nowo\u017cytny (90 minut) [&hellip;]<\/p>\n","protected":false},"author":2,"featured_media":0,"parent":0,"menu_order":0,"comment_status":"closed","ping_status":"closed","template":"","meta":{"ngg_post_thumbnail":0,"footnotes":""},"class_list":["post-4276","page","type-page","status-publish","hentry"],"_links":{"self":[{"href":"http:\/\/sp6.mikolow.eu\/index.php\/wp-json\/wp\/v2\/pages\/4276","targetHints":{"allow":["GET"]}}],"collection":[{"href":"http:\/\/sp6.mikolow.eu\/index.php\/wp-json\/wp\/v2\/pages"}],"about":[{"href":"http:\/\/sp6.mikolow.eu\/index.php\/wp-json\/wp\/v2\/types\/page"}],"author":[{"embeddable":true,"href":"http:\/\/sp6.mikolow.eu\/index.php\/wp-json\/wp\/v2\/users\/2"}],"replies":[{"embeddable":true,"href":"http:\/\/sp6.mikolow.eu\/index.php\/wp-json\/wp\/v2\/comments?post=4276"}],"version-history":[{"count":9,"href":"http:\/\/sp6.mikolow.eu\/index.php\/wp-json\/wp\/v2\/pages\/4276\/revisions"}],"predecessor-version":[{"id":6159,"href":"http:\/\/sp6.mikolow.eu\/index.php\/wp-json\/wp\/v2\/pages\/4276\/revisions\/6159"}],"wp:attachment":[{"href":"http:\/\/sp6.mikolow.eu\/index.php\/wp-json\/wp\/v2\/media?parent=4276"}],"curies":[{"name":"wp","href":"https:\/\/api.w.org\/{rel}","templated":true}]}}