{"id":5991,"date":"2024-03-03T17:00:09","date_gmt":"2024-03-03T17:00:09","guid":{"rendered":"https:\/\/sp6.mikolow.eu\/?page_id=5991"},"modified":"2024-03-04T19:30:39","modified_gmt":"2024-03-04T19:30:39","slug":"logopeda","status":"publish","type":"page","link":"http:\/\/sp6.mikolow.eu\/index.php\/logopeda\/","title":{"rendered":"Logopeda"},"content":{"rendered":"<p><span style=\"color: #000000; font-size: 12pt;\"><strong>Prowadz\u0105ca zaj\u0119cia: <\/strong><\/span>mgr Urszula Wr\u00f3bel<\/p>\n<p><strong>Miejsce zaj\u0119\u0107:&nbsp;<\/strong>budynek so\u0142tys\u00f3wki (tu\u017c za p\u0142otem szko\u0142y)<\/p>\n<p><strong>Terminy zaj\u0119\u0107:<\/strong><\/p>\n<ul style=\"list-style-type: square;\">\n<li>wtorki 8.00 &#8211; 15.30<\/li>\n<li>\u015brody 8.00 &#8211; 13.40<\/li>\n<\/ul>\n<p><strong>Ulotka dla rodzic\u00f3w:<\/strong> <a href=\"http:\/\/sp6.mikolow.eu\/wp-content\/uploads\/2024\/03\/Objawy-zab-przetwarzania-sluchowego-u-dzieci.pdf\">pobierz<\/a><\/p>\n<p>&nbsp;<\/p>\n","protected":false},"excerpt":{"rendered":"<p>Prowadz\u0105ca zaj\u0119cia: mgr Urszula Wr\u00f3bel Miejsce zaj\u0119\u0107:&nbsp;budynek so\u0142tys\u00f3wki (tu\u017c za p\u0142otem szko\u0142y) Terminy zaj\u0119\u0107: wtorki 8.00 &#8211; 15.30 \u015brody 8.00 &#8211; 13.40 Ulotka dla rodzic\u00f3w: pobierz &nbsp;<\/p>\n","protected":false},"author":7,"featured_media":0,"parent":0,"menu_order":0,"comment_status":"closed","ping_status":"closed","template":"","meta":{"ngg_post_thumbnail":0,"footnotes":""},"class_list":["post-5991","page","type-page","status-publish","hentry"],"_links":{"self":[{"href":"http:\/\/sp6.mikolow.eu\/index.php\/wp-json\/wp\/v2\/pages\/5991","targetHints":{"allow":["GET"]}}],"collection":[{"href":"http:\/\/sp6.mikolow.eu\/index.php\/wp-json\/wp\/v2\/pages"}],"about":[{"href":"http:\/\/sp6.mikolow.eu\/index.php\/wp-json\/wp\/v2\/types\/page"}],"author":[{"embeddable":true,"href":"http:\/\/sp6.mikolow.eu\/index.php\/wp-json\/wp\/v2\/users\/7"}],"replies":[{"embeddable":true,"href":"http:\/\/sp6.mikolow.eu\/index.php\/wp-json\/wp\/v2\/comments?post=5991"}],"version-history":[{"count":5,"href":"http:\/\/sp6.mikolow.eu\/index.php\/wp-json\/wp\/v2\/pages\/5991\/revisions"}],"predecessor-version":[{"id":6072,"href":"http:\/\/sp6.mikolow.eu\/index.php\/wp-json\/wp\/v2\/pages\/5991\/revisions\/6072"}],"wp:attachment":[{"href":"http:\/\/sp6.mikolow.eu\/index.php\/wp-json\/wp\/v2\/media?parent=5991"}],"curies":[{"name":"wp","href":"https:\/\/api.w.org\/{rel}","templated":true}]}}