{"id":6629,"date":"2024-06-12T09:19:44","date_gmt":"2024-06-12T09:19:44","guid":{"rendered":"https:\/\/sp6.mikolow.eu\/?page_id=6629"},"modified":"2024-06-12T09:19:44","modified_gmt":"2024-06-12T09:19:44","slug":"wersja-hiszpanska","status":"publish","type":"page","link":"https:\/\/sp6.mikolow.eu\/index.php\/wersja-hiszpanska\/","title":{"rendered":"Wersja hiszpa\u0144ska"},"content":{"rendered":"<p style=\"text-align: center;\"><strong>Canci\u00f3n sobre Juan Pablo II el Grande<br \/>\ncon ocasi\u00f3n del aniversario de100 cumplea\u00f1os<br \/>\n18 de Mayo de 1920 \u2013 18 de Mayo de 2020<\/strong><\/p>\n<ol>\n<li>Hay un lugar en la tierra<br \/>\nd\u00f3nde su ministerio de Buen Pastor<br \/>\nempez\u00f3 Secerdote, elegido del pueblo.<\/li>\n<\/ol>\n<p><strong><u>Ref.<\/u><\/strong> Wadowice, T\u00fa ciudad familiar,<br \/>\nera un testigo de espiritual crecimiento<br \/>\na santidad para todos,<br \/>\ny para todos siempre ser\u00edas un buen modelo.<\/p>\n<ol start=\"2\">\n<li>Carol, Dios te seleccion\u00f3<br \/>\npara timonel de la comunidad de la iglesia<br \/>\npara te la llevas hasta el puerto de la salvaci\u00f3n.<\/li>\n<\/ol>\n<p><strong><u>Ref.<\/u><\/strong> Juan Pablo, nuestro Santo<br \/>\nindicarnos un camino hasta al cielo,<br \/>\npara que pudi\u00e9remos alg\u00fan d\u00eda a encontrarte<br \/>\nentre santos quienes nos esperan.<\/p>\n<ol start=\"3\">\n<li>Ya como un Pastor de todos nosotros<br \/>\nAdministr\u00f3 el ministerio del Pedro<br \/>\ny abri\u00f3 los corazones de la gente para lo bueno.<\/li>\n<\/ol>\n<p><strong><u>Ref.<\/u><\/strong> Juan Pablo, hoy te pedimos<br \/>\nqu\u00e9 otra vez llamas a todos nosotros:<br \/>\n\u201c\u00a1No teng\u00e1is miedo! Y qu\u00e9 salg\u00e1is a profundidad\u201d<br \/>\npara salvaci\u00f3n y Su amor.<\/p>\n<ol start=\"4\">\n<li>Se\u00f1or \u2013 tambi<a href=\"https:\/\/pl.pons.com\/t\u0142umaczenie\/hiszpa\u0144ski-polski\/tambi\u00e9n\">\u00e9<\/a>n estando a la orilla,<br \/>\nmir\u00f3 al cielo en la d\u00eda de Su gloria,<br \/>\ny ya quer\u00eda, desde aquel momento, estar con Ellos.<\/li>\n<\/ol>\n<p><strong><u>Ref.<\/u><\/strong> Juan Pablo, despu\u00e9s de todo el mal no nos alcanza,<br \/>\nque salvas la Iglesia porque sin El vamos a morir.<br \/>\n\u201c\u00a1No teng\u00e1is miedo! Y salid a profundidad\u201d<br \/>\nHacia adelante, nuevo d\u00eda ya aclara.<\/p>\n<ol start=\"5\">\n<li>Cuando visitabas Patria,<br \/>\neras un Padre y nuestro Pastor<br \/>\ny el Esp\u00edritu de la Libertad rodeaba nuestra comunidad.<\/li>\n<\/ol>\n<p><strong><u>Ref.<\/u><\/strong> Juan Pablo, hoy te pedimos humilde<br \/>\nque el Esp\u00edritu Santo nos otorga regalos<br \/>\n&nbsp;y que renueva el rostro de nuestra tierra,<br \/>\n&nbsp;para que siempre est\u00e9 viva en T\u00fa libertad.<\/p>\n<ol start=\"6\">\n<li>Hoy cuando ya est\u00e1s en el cielo<br \/>\nTe agredecemos que el Dios nos dio a Ti<br \/>\ny sobre tu intercesi\u00f3n te pedimos.<\/li>\n<\/ol>\n<p><strong><u>Ref.<\/u><\/strong> Nuestro cari\u00f1o papa Polaco<br \/>\n&nbsp;un grande orgullo y una grande alegr\u00eda est\u00e1s<br \/>\n&nbsp;Papa, hermano, amigo, paisano<br \/>\n&nbsp;los corazones del pueblo con su amor conseguiste.<\/p>\n<p>\/palabras: Tadeusz Ciwis\/<\/p>\n<p>\/traducci\u00f3n: mgr \u017baneta Janik\/<\/p>\n<p>&nbsp;<\/p>\n","protected":false},"excerpt":{"rendered":"<p>Canci\u00f3n sobre Juan Pablo II el Grande con ocasi\u00f3n del aniversario de100 cumplea\u00f1os 18 de Mayo de 1920 \u2013 18 de Mayo de 2020 Hay un lugar en la tierra d\u00f3nde su ministerio de Buen Pastor empez\u00f3 Secerdote, elegido del pueblo. Ref. Wadowice, T\u00fa ciudad familiar, era un testigo de [&hellip;]<\/p>\n","protected":false},"author":6,"featured_media":0,"parent":0,"menu_order":0,"comment_status":"closed","ping_status":"closed","template":"","meta":{"ngg_post_thumbnail":0,"footnotes":""},"class_list":["post-6629","page","type-page","status-publish","hentry"],"_links":{"self":[{"href":"https:\/\/sp6.mikolow.eu\/index.php\/wp-json\/wp\/v2\/pages\/6629","targetHints":{"allow":["GET"]}}],"collection":[{"href":"https:\/\/sp6.mikolow.eu\/index.php\/wp-json\/wp\/v2\/pages"}],"about":[{"href":"https:\/\/sp6.mikolow.eu\/index.php\/wp-json\/wp\/v2\/types\/page"}],"author":[{"embeddable":true,"href":"https:\/\/sp6.mikolow.eu\/index.php\/wp-json\/wp\/v2\/users\/6"}],"replies":[{"embeddable":true,"href":"https:\/\/sp6.mikolow.eu\/index.php\/wp-json\/wp\/v2\/comments?post=6629"}],"version-history":[{"count":1,"href":"https:\/\/sp6.mikolow.eu\/index.php\/wp-json\/wp\/v2\/pages\/6629\/revisions"}],"predecessor-version":[{"id":6630,"href":"https:\/\/sp6.mikolow.eu\/index.php\/wp-json\/wp\/v2\/pages\/6629\/revisions\/6630"}],"wp:attachment":[{"href":"https:\/\/sp6.mikolow.eu\/index.php\/wp-json\/wp\/v2\/media?parent=6629"}],"curies":[{"name":"wp","href":"https:\/\/api.w.org\/{rel}","templated":true}]}}